rs of y.
5
Let y(o) = 14*o**2 + 5*o - 3. Let u(l) = -5*l**2 - 2*l + 1. Let m(x) = 11*u(x) + 4*y(x). Let h = -4 - -1. List the prime factors of m(h).
2, 7
Let k(w) = 13*w**2 + 2*w. Let f(d) be the second derivative of -d**4/2 - d**3/6 - d. Let g(b) = 7*f(b) + 4*k(b). What are the prime factors of g(-1)?
3
Let b be (-1 + 4)*4/3. Let l be 8/6*24/b. Let p(v) = v - 3. List the prime factors of p(l).
5
Suppose -4*g = -6*o + 3*o + 167, 2*o - 3*g - 113 = 0. Suppose -5*n = 1 - 6. Suppose o + n = 5*s. List the prime factors of s.
2, 5
Suppose -o = 1, -9*o + 834 = 3*g - 6*o. List the prime factors of g.
3, 31
Let n(h) = h**3 - 12*h**2 + 8*h + 10. Let b be n(11). Let p = 5 - b. What are the prime factors of p?
2, 7
Suppose -4*v + p + 24 = 3*p, -16 = -5*v + p. Suppose s + 0*y + 2 = v*y, -2*y = 2*s - 16. What are the prime factors of s?
2, 3
Let x = 14 + 11. What are the prime factors of x?
5
Let y = -7 - -15. Let h(u) be the second derivative of -u**4/12 + 5*u**3/3 - 2*u**2 - 2*u. What are the prime factors of h(y)?
2, 3
Let n = -9 + 14. What are the prime factors of 3/(-1)*n/(-5)?
3
Suppose -4*g - 15 = -3*o, -10 = -2*g + 3*g - 2*o. Suppose -3*t - 4*q + 2*q = -45, g = -q. What are the prime factors of t?
3, 5
What are the prime factors of 2258/9 - 3 - (-14)/126?
2, 31
Let j be 1/2*18/3. Let r be ((-5)/(-2))/(j/6). List the prime factors of 4/(1 - r/7).
2, 7
Let v = 9 - 19. Suppose -23 = 4*j - 7. Let o = j - v. What are the prime factors of o?
2, 3
Suppose 23 = 2*k + 3*d, -d + 11 + 20 = 4*k. Suppose -4*q + 60 = q. Let v = q - k. What are the prime factors of v?
5
Suppose 2*w - 21 = -0*w - 5*g, -1 = -2*w - g. Let f be 30/(-7) - w/7. Let d = 6 + f. List the prime factors of d.
2
Suppose 0*l - s + 62 = l, -2 = -s. List the prime factors of l.
2, 3, 5
Suppose 4*t + 3*z - 325 = 0, 4*t + 4*z = 2*t + 170. List the prime factors of t.
79
Suppose -5*u + 0*u + 585 = 0. List the prime factors of u.
3, 13
Let u = -38 + 54. Let n = u - 4. Let y = 22 - n. What are the prime factors of y?
2, 5
Let m(o) = -2*o**3 - o**2 + 3*o + 1. Let b be m(-2). Suppose 2*j - b = 27. What are the prime factors of j?
17
Suppose -133 - 12 = -5*i. What are the prime factors of i?
29
Let h = -9 + 33. What are the prime factors of h?
2, 3
Let b(k) = -5*k**2 + k - 1. Let n be b(1). Let q = n - -8. Let u = 19 - q. What are the prime factors of u?
2
Let u(l) be the first derivative of 7*l**3/3 - 2*l**2 + 3*l - 3. Let a be u(2). Suppose 1 = 3*r - a. What are the prime factors of r?
2
Suppose 5*w + 24 - 34 = 0. List the prime factors of w.
2
Let z be (-60)/2 + 18/9. Let s = -9 - z. What are the prime factors of s?
19
Let j(l) = -l**2 + 18*l + 10. What are the prime factors of j(11)?
3, 29
Suppose -3 = -3*p - 0. Suppose 0 = 5*y - 3*u - 7 - 20, 2*y + 10 = -4*u. Let f = y - p. List the prime factors of f.
2
Suppose 2*q + 5 = 9. Suppose 20 - 8 = q*h. Suppose i - y - h = 0, 3 + 6 = -3*y. What are the prime factors of i?
3
Suppose -2*y - 5*g = y + 15, 4*y + 9 = -3*g. Let h = -3 - -15. List the prime factors of 0 + h - (0 + y).
2, 3
Let x(t) = 4*t + 1. Let z be x(-6). List the prime factors of z/(-3) - (-16)/(-24).
7
Let g = -72 - -124. What are the prime factors of g?
2, 13
Suppose -3*a = -3*d + 6, 0 = -0*a + 3*a - 5*d + 2. Let o = 0 - a. Suppose 2*k - 50 = -o*n - 0*n, -2*k + 65 = 5*n. What are the prime factors of n?
3, 5
Let j(v) = v**2 - 16*v - 13. What are the prime factors of j(17)?
2
Suppose -3*a = 2*a - 480. Suppose s + s - a = 0. What are the prime factors of s?
2, 3
Suppose 2*t - 25 = 5*k, 2*t + 13 = k - 2*t. What are the prime factors of k/(-14) - (-190)/4?
2, 3
Suppose 0 = 3*d - 3*n + 84, -5*n + 2*n = -5*d - 136. Let z = -44 - d. Let v = 28 + z. What are the prime factors of v?
2, 5
Let a be 1*(2 + 3) + -2. Suppose -4*t + 32 = 2*d - a*d, 20 = 4*t - 4*d. List the prime factors of t.
3
Let x(m) = m**3 + 7*m**2 + 4*m - 2. Let t be x(-6). Suppose 2*q = 3*q - t. List the prime factors of q.
2, 5
Let m = -11 - -15. Suppose 4*p - 68 = -3*z, 5 + 10 = 3*p. Suppose -z + m = -d. List the prime factors of d.
2, 3
Suppose 4*h - 16 + 0 = 0. Let v(k) = -5*k + 0*k**3 + 5 + k**3 + h*k. List the prime factors of v(0).
5
Suppose 0 = -2*o - 3*o + 10. Let q = -11 - -13. Let z = o + q. What are the prime factors of z?
2
Suppose -80 = 3*l + 4. Let d = -19 - l. What are the prime factors of d?
3
Suppose 3*z - t = -5*t + 1072, -1434 = -4*z - 3*t. What are the prime factors of z?
2, 3, 5
Suppose 0 = -2*c - 5*w + 17, 2*w - w = -3*c + 45. Suppose y + 2 = -2. Let i = y + c. What are the prime factors of i?
2, 3
Suppose 2*u = 2*v - 34, v + 5*u = -3*v + 32. Suppose 3 = 4*f - v. Suppose -f*j + 33 = -3. What are the prime factors of j?
3
Suppose -z + 116 = 3*z. What are the prime factors of z?
29
Let c(r) = -2*r + 4. Suppose -3*l - 3 = -2*l - 2*w, -2*w + 33 = 5*l. Let h be c(l). List the prime factors of (h/9)/(2/(-30)).
2, 5
Let h = -164 + 235. List the prime factors of h.
71
Let b be (42/35)/((-2)/(-10)). Suppose h = c - 9, -b*c + 27 = -c + 4*h. List the prime factors of c.
7
Let y = 22 - -2. List the prime factors of y.
2, 3
Suppose -4*x = 5*u - 16, -u + 1 = -3*x - 6. Suppose 0 = u*b + 4 + 44. Let w = -3 - b. List the prime factors of w.
3
Suppose -2*k + 5*k - 28 = -2*o, -16 = -o - 2*k. Let a = o - 6. What are the prime factors of a?
2
Let v(d) = -11*d**3 - 2*d**2 - d. Let k = -1 + 2. Suppose m - k = 2*m. What are the prime factors of v(m)?
2, 5
Let x be -4 - (-3 + 5) - 0. List the prime factors of 2*(2 - 0 - x).
2
Suppose -3*i - 14 = 7. Let m = i - -11. List the prime factors of m.
2
Let q(x) = x**2 - 11*x + 7. Let z be (0 - -1)*12 + -1. List the prime factors of q(z).
7
Suppose -11*k - 528 = -14*k. List the prime factors of k.
2, 11
Suppose -3 = -3*z - v, -2*z - 3*z + 7 = v. Suppose -z*q - 2 = -44. List the prime factors of q.
3, 7
Suppose 18*j = 16*j + 362. What are the prime factors of j?
181
Let t = -41 + 173. What are the prime factors of t?
2, 3, 11
Let q = -23 - -15. List the prime factors of q/(-36) - 824/(-18).
2, 23
Let k(t) = 2*t**2 + 13*t + 10. Let p be k(-9). Suppose i - p = -18. What are the prime factors of i/4 + 4/(-16)?
3
Let w(x) be the third derivative of x**7/2520 - x**6/144 + x**5/24 - x**4/8 + 3*x**2. Let q(p) be the second derivative of w(p). List the prime factors of q(5).
5
Let q be (36/(-8))/(-3)*2. List the prime factors of 32 - -3*(q - 4).
29
Suppose 0 = 2*r - 11 + 1. Suppose 0 = 3*k - 5*f - 4, 3*f + 14 = r*k + 2*f. Suppose 4*c = 0, 0*l + 4*c = -k*l + 33. What are the prime factors of l?
11
Let w(l) be the first derivative of -7*l**4/24 - l**3/2 - 3*l**2/2 - 2. Let q(c) be the second derivative of w(c). List the prime factors of q(-2).
11
Suppose -a + 0 - 1 = 0. Let t be a + 2 + -1 + -6. List the prime factors of 40/12*t/(-2).
2, 5
Let g(u) = -u**3 + 5*u**2 + u. List the prime factors of g(5).
5
Suppose -3*d = -8*d + 140. What are the prime factors of d?
2, 7
Let a(o) be the second derivative of o**3/6 - o**2/2 - 3*o. Let t(w) = 7*w + 2. Let s(l) = a(l) + t(l). What are the prime factors of s(1)?
3
Suppose 0 = -d - 4*l + 4 - 22, 4*d = 5*l + 33. Suppose 6 = d*r - 0*r. What are the prime factors of r?
3
Let p(u) = -3*u + 5. List the prime factors of p(-10).
5, 7
Let k(b) = b. Let h(n) = -4*n - 9. Let q(s) = -h(s) - 3*k(s). Let r be q(-7). Suppose r*v + 3*v - 55 = 0. List the prime factors of v.
11
Let u = 0 - -12. Suppose 0 = 9*r - u*r + 39. What are the prime factors of r?
13
Let k(a) = 2 + 12 - 4 - a. Let i be k(7). List the prime factors of 2/(-6) - (-16)/i.
5
What are the prime factors of -1*(-772)/8*(1 - -1)?
193
List the prime factors of 44 - 3 - (2 - 3).
2, 3, 7
Let w = -58 + 93. Suppose w = -3*z - 2*z. Let a = 16 + z. What are the prime factors of a?
3
Let l be 12/15 + 3/15. Let z = 14 + l. List the prime factors of z.
3, 5
Let n be ((-10)/15)/(2/57). Let c = n - -34. List the prime factors of c.
3, 5
List the prime factors of 323/3 + -3*4/18.
107
Suppose -w + 0*w + 6 = 0. Let t be 160/w*6/4. Suppose -x - t = -5*x. What are the prime factors of x?
2, 5
Let o(p) = -p**3 + 11*p**2 + 14*p - 4. List the prime factors of o(12).
2, 5
Let h = -336 + 513. List the prime factors of h.
3, 59
Suppose 4*s - 21 = -1. Suppose -15 = s*q, 0*q = 4*i - 3*q - 49. What are the prime factors of i?
2, 5
S